{"id":601,"date":"2021-06-06T14:39:35","date_gmt":"2021-06-06T13:39:35","guid":{"rendered":"https:\/\/intergrues.ma\/?page_id=601"},"modified":"2021-06-18T09:50:36","modified_gmt":"2021-06-18T08:50:36","slug":"parc-materiel-2","status":"publish","type":"page","link":"https:\/\/intergrues.ma\/index.php\/en\/parc-materiel-2\/","title":{"rendered":"OUR EQUIPMENT"},"content":{"rendered":"\t\t<div class=\"w2dc-content w2dc-index-page\">\r\n\t\t\t\t\t\r\n\t\t\t\t\t\t\r\n\t\t\t\t\t\t<div class=\"w2dc-content w2dc-directory-frontpanel\">\r\n\t\t\t<a class=\"w2dc-favourites-link w2dc-btn w2dc-btn-primary\" href=\"?w2dc_action=myfavourites\" rel=\"nofollow\" ><span class=\"w2dc-glyphicon w2dc-glyphicon-star\"><\/span> My bookmarks<\/a>\r\n\t\t\t\t\t\t<\/div>\r\n\t\t\t\t\t\t<style type=\"text\/css\"><\/style><form action = \"https:\/\/intergrues.ma\/\" class = \"w2dc-content w2dc-search-form w2dc-search-form-submit\" id = \"w2dc-search-form-9246\" data-id = \"9246\" data-w2dc-scroll-to = \"listings\" >\r\n\t<input type=\"hidden\" name=\"w2dc_action\" value=\"search\" \/><input type=\"hidden\" name=\"hash\" value=\"e5d47824e4fcfb7ab0345a0c7faaa5d2\" \/><input type=\"hidden\" name=\"controller\" value=\"directory_controller\" \/><input type=\"hidden\" name=\"include_categories_children\" value=\"1\" \/><input type=\"hidden\" name=\"directories\" value=\"\" \/>\r\n\t<div class=\"w2dc-search-overlay w2dc-container-fluid\">\r\n\t\t\t\t<div class=\"w2dc-search-section w2dc-row\">\r\n\t\t\t\t\t\t\t\t\t<div class=\"w2dc-col-md-6 w2dc-search-input-field-wrap\">\r\n\t\t\t\t<div class=\"w2dc-row w2dc-form-group\">\r\n\t\t\t\t\t<div class=\"w2dc-col-md-12\">\r\n\t\t\t\t\t\t<div id=\"w2dc-tax-dropdowns-wrap-5167\" class=\"w2dc-tax-dropdowns-wrap\"><input type=\"hidden\" name=\"categories\" id=\"selected_tax[5167]\" class=\"selected_tax_w2dc-category\" value=\"0\" \/><input type=\"hidden\" name=\"categories_text\" id=\"selected_tax_text[5167]\" class=\"selected_tax_text_w2dc-category\" value=\"\" \/><select class=\"w2dc-form-control w2dc-selectmenu-w2dc-category\" data-id=\"5167\" data-placeholder=\"Select category or enter keywords\" data-autocomplete-name=\"what_search\" data-autocomplete-value=\"\" data-ajax-search=1 data-default-icon=\"https:\/\/intergrues.ma\/wp-content\/plugins\/w2dc\/resources\/images\/categories_icons\/search.png\"><option id=\"manutention-levage\" value=\"21\" data-name=\"Manutention \/ levage\" data-sublabel=\"\"  data-icon=\"https:\/\/intergrues.ma\/wp-content\/plugins\/w2dc\/resources\/images\/categories_icons\/search.png\" data-count=\"0 results\">Manutention \/ levage<\/option><option id=\"levage\" value=\"23\" data-name=\"Levage\" data-sublabel=\"\"  data-icon=\"https:\/\/intergrues.ma\/wp-content\/plugins\/w2dc\/resources\/images\/categories_icons\/search.png\" data-count=\"0 results\">Levage<\/option><option id=\"elevation-des-personnes\" value=\"25\" data-name=\"E\u0301le\u0301vation des personnes\" data-sublabel=\"\"  data-icon=\"https:\/\/intergrues.ma\/wp-content\/plugins\/w2dc\/resources\/images\/categories_icons\/search.png\" data-count=\"0 results\">E\u0301le\u0301vation des personnes<\/option><option id=\"travaux-publics\" value=\"27\" data-name=\"TRAVAUX PUBLICS\" data-sublabel=\"\"  data-icon=\"https:\/\/intergrues.ma\/wp-content\/plugins\/w2dc\/resources\/images\/categories_icons\/search.png\" data-count=\"0 results\">TRAVAUX PUBLICS<\/option><\/select><\/div>\t\t\t\t\t\t\t\t\t\t\t\t<p class=\"w2dc-search-suggestions\">\r\n\t\t\t\t\t\t\tTry to search: <a href=\"javascript:void(0);\">chariot<\/a>, <a href=\"javascript:void(0);\">nacelle...<\/a>\t\t\t\t\t\t<\/p>\r\n\t\t\t\t\t\t\t\t\t\t\t<\/div>\r\n\t\t\t\t<\/div>\r\n\t\t\t<\/div>\r\n\t\t\t\t\t\t\t\t\t\r\n\t\t\t\t\t\t\t\t\t<div class=\"w2dc-col-md-6 w2dc-search-input-field-wrap\">\r\n\t\t\t\t<div class=\"w2dc-row w2dc-form-group\">\r\n\t\t\t\t\t<div class=\"w2dc-col-md-12\">\r\n\t\t\t\t\t\t<div id=\"w2dc-tax-dropdowns-wrap-2704\" class=\"w2dc-tax-dropdowns-wrap\"><input type=\"hidden\" name=\"location_id\" id=\"selected_tax[2704]\" class=\"selected_tax_w2dc-location\" value=\"0\" \/><input type=\"hidden\" name=\"location_id_text\" id=\"selected_tax_text[2704]\" class=\"selected_tax_text_w2dc-location\" value=\"\" \/><select class=\"w2dc-form-control w2dc-selectmenu-w2dc-location\" data-id=\"2704\" data-placeholder=\"Select location\"  data-default-icon=\"https:\/\/intergrues.ma\/wp-content\/plugins\/w2dc\/resources\/images\/locations_icons\/icon1.png\"><option id=\"region-de-beni-mellal-khenifra\" value=\"77\" data-name=\"R\u00e9gion de B\u00e9ni Mellal-Kh\u00e9nifra\" data-sublabel=\"\"  data-icon=\"https:\/\/intergrues.ma\/wp-content\/plugins\/w2dc\/resources\/images\/locations_icons\/icon1.png\" data-count=\"0 results\">R\u00e9gion de B\u00e9ni Mellal-Kh\u00e9nifra<\/option><option id=\"region-de-casablanca-settat\" value=\"79\" data-name=\"R\u00e9gion de Casablanca-Settat\" data-sublabel=\"\"  data-icon=\"https:\/\/intergrues.ma\/wp-content\/plugins\/w2dc\/resources\/images\/locations_icons\/icon1.png\" data-count=\"0 results\">R\u00e9gion de Casablanca-Settat<\/option><option id=\"region-de-dakhla-oued-ed-dahab\" value=\"91\" data-name=\"R\u00e9gion de Dakhla-Oued Ed Dahab\" data-sublabel=\"\"  data-icon=\"https:\/\/intergrues.ma\/wp-content\/plugins\/w2dc\/resources\/images\/locations_icons\/icon1.png\" data-count=\"0 results\">R\u00e9gion de Dakhla-Oued Ed Dahab<\/option><option id=\"region-de-draa-tafilalet\" value=\"83\" data-name=\"R\u00e9gion de Dr\u00e2a-Tafilalet\" data-sublabel=\"\"  data-icon=\"https:\/\/intergrues.ma\/wp-content\/plugins\/w2dc\/resources\/images\/locations_icons\/icon1.png\" data-count=\"0 results\">R\u00e9gion de Dr\u00e2a-Tafilalet<\/option><option id=\"region-de-fes-meknes\" value=\"73\" data-name=\"R\u00e9gion de F\u00e8s-Mekn\u00e8s\" data-sublabel=\"\"  data-icon=\"https:\/\/intergrues.ma\/wp-content\/plugins\/w2dc\/resources\/images\/locations_icons\/icon1.png\" data-count=\"0 results\">R\u00e9gion de F\u00e8s-Mekn\u00e8s<\/option><option id=\"region-de-guelmim-oued-noun\" value=\"87\" data-name=\"R\u00e9gion de Guelmim-Oued Noun\" data-sublabel=\"\"  data-icon=\"https:\/\/intergrues.ma\/wp-content\/plugins\/w2dc\/resources\/images\/locations_icons\/icon1.png\" data-count=\"0 results\">R\u00e9gion de Guelmim-Oued Noun<\/option><option id=\"region-de-loriental\" value=\"71\" data-name=\"R\u00e9gion de l'Oriental\" data-sublabel=\"\"  data-icon=\"https:\/\/intergrues.ma\/wp-content\/plugins\/w2dc\/resources\/images\/locations_icons\/icon1.png\" data-count=\"0 results\">R\u00e9gion de l'Oriental<\/option><option id=\"region-de-laayoune-sakia-el-hamra\" value=\"89\" data-name=\"R\u00e9gion de La\u00e2youne-Sakia El Hamra\" data-sublabel=\"\"  data-icon=\"https:\/\/intergrues.ma\/wp-content\/plugins\/w2dc\/resources\/images\/locations_icons\/icon1.png\" data-count=\"0 results\">R\u00e9gion de La\u00e2youne-Sakia El Hamra<\/option><option id=\"region-de-marrakech-safi\" value=\"81\" data-name=\"R\u00e9gion de Marrakech-Safi\" data-sublabel=\"\"  data-icon=\"https:\/\/intergrues.ma\/wp-content\/plugins\/w2dc\/resources\/images\/locations_icons\/icon1.png\" data-count=\"0 results\">R\u00e9gion de Marrakech-Safi<\/option><option id=\"region-de-rabat-sale-kenitra\" value=\"75\" data-name=\"R\u00e9gion de Rabat-Sal\u00e9-K\u00e9nitra\" data-sublabel=\"\"  data-icon=\"https:\/\/intergrues.ma\/wp-content\/plugins\/w2dc\/resources\/images\/locations_icons\/icon1.png\" data-count=\"0 results\">R\u00e9gion de Rabat-Sal\u00e9-K\u00e9nitra<\/option><option id=\"region-de-souss-massa\" value=\"85\" data-name=\"R\u00e9gion de Souss-Massa\" data-sublabel=\"\"  data-icon=\"https:\/\/intergrues.ma\/wp-content\/plugins\/w2dc\/resources\/images\/locations_icons\/icon1.png\" data-count=\"0 results\">R\u00e9gion de Souss-Massa<\/option><option id=\"tanger-tetouan-al-hoceima\" value=\"20\" data-name=\"Tanger-T\u00e9touan-Al Hoce\u00efma\" data-sublabel=\"\"  data-icon=\"https:\/\/intergrues.ma\/wp-content\/plugins\/w2dc\/resources\/images\/locations_icons\/icon1.png\" data-count=\"0 results\">Tanger-T\u00e9touan-Al Hoce\u00efma<\/option><\/select><\/div>\t\t\t\t\t<\/div>\r\n\t\t\t\t<\/div>\r\n\t\t\t<\/div>\r\n\t\t\t\t\t\t\t\t\t\r\n\t\t\t\t\t\t\r\n\t\t\t\t\t\t<div class=\"w2dc-col-md-12\">\r\n\t\t\t\t<div class=\"w2dc-jquery-ui-slider\">\r\n\t\t\t\t\t<div class=\"w2dc-search-radius-label\">\r\n\t\t\t\t\t\tSearch in radius\t\t\t\t\t\t<strong id=\"radius_label_9246\">10<\/strong>\r\n\t\t\t\t\t\tmiles\t\t\t\t\t<\/div>\r\n\t\t\t\t\t<div class=\"w2dc-radius-slider\" data-id=\"9246\" id=\"radius_slider_9246\"><\/div>\r\n\t\t\t\t\t<input type=\"hidden\" name=\"radius\" id=\"radius_9246\" value=\"10\" \/>\r\n\t\t\t\t<\/div>\r\n\t\t\t<\/div>\r\n\t\t\t\t\t<\/div>\r\n\t\t\r\n\t\t<script>var w2dc_fields_in_categories_9246 = new Array();<\/script>\r\n\t\t\r\n\t\t<div class=\"w2dc-search-section w2dc-search-form-bottom w2dc-row w2dc-clearfix\">\r\n\t\t\t\t\t\t<div class=\"w2dc-search-form-button w2dc-col-md-6 w2dc-pull-right w2dc-text-right\">\r\n\t\t\t\t<button type=\"submit\" name=\"submit\" class=\"w2dc-btn w2dc-btn-primary \">Search<\/button>\r\n\t\t\t<\/div>\t\t\t\r\n\t\t\t\r\n\t\t\t\t\t<\/div>\r\n\t<\/div>\r\n<\/form>\t\t\t\r\n\t\t\t\t\t\t<div class=\"w2dc-content w2dc-categories-table w2dc-terms-columns-2 w2dc-terms-menu w2dc-terms-depth-1\"><div class=\"w2dc-row w2dc-categories-row\"><div class=\"w2dc-col-md-6\"><div class=\"w2dc-categories-column\"><div class=\"w2dc-categories-root w2dc-category-item \" ><a href=\"https:\/\/intergrues.ma\/index.php\/fr\/parc-materiel-2\/business-category\/manutention-levage\/\" title=\"Manutention \/ levage\"><div class=\"w2dc-term-label\"><div class=\"w2dc-term-label-justify\">Manutention \/ levage<\/div><span class=\"w2dc-category-count\">0<\/span><\/div><\/a><\/div><\/div><\/div><div class=\"w2dc-col-md-6\"><div class=\"w2dc-categories-column\"><div class=\"w2dc-categories-root w2dc-category-item \" ><a href=\"https:\/\/intergrues.ma\/index.php\/fr\/parc-materiel-2\/business-category\/levage\/\" title=\"Levage\"><div class=\"w2dc-term-label\"><div class=\"w2dc-term-label-justify\">Levage<\/div><span class=\"w2dc-category-count\">0<\/span><\/div><\/a><\/div><\/div><\/div><\/div><div class=\"w2dc-row w2dc-categories-row\"><div class=\"w2dc-col-md-6\"><div class=\"w2dc-categories-column\"><div class=\"w2dc-categories-root w2dc-category-item \" ><a href=\"https:\/\/intergrues.ma\/index.php\/fr\/parc-materiel-2\/business-category\/elevation-des-personnes\/\" title=\"E\u0301le\u0301vation des personnes\"><div class=\"w2dc-term-label\"><div class=\"w2dc-term-label-justify\">E\u0301le\u0301vation des personnes<\/div><span class=\"w2dc-category-count\">0<\/span><\/div><\/a><\/div><\/div><\/div><div class=\"w2dc-col-md-6\"><div class=\"w2dc-categories-column\"><div class=\"w2dc-categories-root w2dc-category-item \" ><a href=\"https:\/\/intergrues.ma\/index.php\/fr\/parc-materiel-2\/business-category\/travaux-publics\/\" title=\"TRAVAUX PUBLICS\"><div class=\"w2dc-term-label\"><div class=\"w2dc-term-label-justify\">TRAVAUX PUBLICS<\/div><span class=\"w2dc-category-count\">0<\/span><\/div><\/a><\/div><\/div><\/div><\/div><\/div>\t\t\t\r\n\t\t\t\r\n\t\t\t\r\n\t\t\t\t\t\t\t\t\t\t<div class=\"w2dc-content\" id=\"w2dc-controller-e5d47824e4fcfb7ab0345a0c7faaa5d2\" data-controller-hash=\"e5d47824e4fcfb7ab0345a0c7faaa5d2\" >\r\n\t\t\t<style type=\"text\/css\">\r\n\t\t\t\t\t\t\t\t#w2dc-controller-e5d47824e4fcfb7ab0345a0c7faaa5d2 .w2dc-listings-grid figure.w2dc-listing-logo .w2dc-listing-logo-img-wrap:before {\r\n\t\t\t\t\tpadding-top: 56.25%;\r\n\t\t\t\t}\r\n\t\t\t\t\t\t\t\t\t\t\t\t#w2dc-controller-e5d47824e4fcfb7ab0345a0c7faaa5d2 .w2dc-listings-block figure.w2dc-listing-logo .w2dc-listing-logo-img img {\r\n\t\t\t\t\twidth: 290px;\r\n\t\t\t\t}\r\n\t\t\t\t@media screen and (min-width: 768px) {\r\n\t\t\t\t\t\t\t\t\t\t#w2dc-controller-e5d47824e4fcfb7ab0345a0c7faaa5d2 .w2dc-listings-block .w2dc-listing-logo-wrap {\r\n\t\t\t\t\t\twidth: 290px;\r\n\t\t\t\t\t\t\t\t\t\t\t}\r\n\t\t\t\t\t\t\t\t\t\t\t\t\t\t\t#w2dc-controller-e5d47824e4fcfb7ab0345a0c7faaa5d2 .w2dc-listings-block .w2dc-listing-text-content-wrap {\r\n\t\t\t\t\t\t\t\t\t\t\t\tmargin-left: 290px;\r\n\t\t\t\t\t\tmargin-right: 0;\r\n\t\t\t\t\t\t\t\t\t\t\t}\r\n\t\t\t\t\t\t\t\t\t}\r\n\t\t\t\t\t\t\t<\/style>\r\n\t\t\t<script>\r\n\t\t\tw2dc_controller_args_array['e5d47824e4fcfb7ab0345a0c7faaa5d2'] = {\"controller\":\"directory_controller\",\"base_url\":\"\",\"order_by\":\"post_date\",\"order\":\"DESC\",\"perpage\":6,\"directories\":null,\"is_home\":true,\"paged\":1,\"custom_home\":0,\"onepage\":0,\"include_get_params\":1,\"hide_paginator\":0,\"hide_count\":0,\"hide_content\":0,\"hide_order\":0,\"show_views_switcher\":1,\"listings_view_type\":\"list\",\"listings_view_grid_columns\":2,\"listing_thumb_width\":290,\"wrap_logo_list_view\":0,\"logo_animation_effect\":1,\"grid_view_logo_ratio\":\"56.25\",\"scrolling_paginator\":0,\"show_summary_button\":true,\"show_readmore_button\":true};\r\n\t\t\t<\/script>\r\n\t\t\t\t\t\t<div class=\"w2dc-container-fluid w2dc-listings-block w2dc-mobile-listings-grid-1 w2dc-listings-list-view\">\r\n\t\t\t\t<div class=\"w2dc-row w2dc-visible-search-params\">\r\n\t\t\t\t\t\t\t\t\t<\/div>\r\n\t\t\t\t\t\t\t\t<div class=\"w2dc-row w2dc-no-found-listings\">Sorry, no listings were found.<\/div>\r\n\t\t\t\t\r\n\t\t\t\t\t\t\t<\/div>\r\n\t\t\t\t\t<\/div>\r\n\t\t\t\t\t\t\t<\/div>\n","protected":false},"excerpt":{"rendered":"<p>My bookmarks Manutention \/ levageLevageE\u0301le\u0301vation des personnesTRAVAUX PUBLICS Try to search: chariot, nacelle&#8230; R\u00e9gion de B\u00e9ni Mellal-Kh\u00e9nifraR\u00e9gion de Casablanca-SettatR\u00e9gion de Dakhla-Oued Ed DahabR\u00e9gion de Dr\u00e2a-TafilaletR\u00e9gion de F\u00e8s-Mekn\u00e8sR\u00e9gion de Guelmim-Oued NounR\u00e9gion de l&rsquo;OrientalR\u00e9gion de La\u00e2youne-Sakia El HamraR\u00e9gion de Marrakech-SafiR\u00e9gion de Rabat-Sal\u00e9-K\u00e9nitraR\u00e9gion de Souss-MassaTanger-T\u00e9touan-Al Hoce\u00efma Search in radius 10 miles Search Manutention \/ levage0Levage0E\u0301le\u0301vation des personnes0TRAVAUX PUBLICS0&hellip;<\/p>\n","protected":false},"author":1,"featured_media":0,"parent":0,"menu_order":0,"comment_status":"closed","ping_status":"closed","template":"","meta":[],"class_list":["post-601","page","type-page","status-publish","hentry","description-off"],"yoast_head":"<!-- This site is optimized with the Yoast SEO Premium plugin v24.4 (Yoast SEO v24.4) - https:\/\/yoast.com\/wordpress\/plugins\/seo\/ -->\n<title>OUR EQUIPMENT - Intergrues-Sp\u00e9cialiste de la location des Grues mobiles, chariots \u00e9l\u00e9vateurs, mat\u00e9riel du levage et manutention, transports sp\u00e9ciaux et nacelles<\/title>\n<meta name=\"description\" content=\"Location de grues. Nous vous proposons des grues mobiles sur pneus en location. Pour vos besoins de levage vous pouvez nous\" \/>\n<meta name=\"robots\" content=\"index, follow, max-snippet:-1, max-image-preview:large, max-video-preview:-1\" \/>\n<link rel=\"canonical\" href=\"https:\/\/intergrues.ma\/index.php\/en\/parc-materiel-2\/\" \/>\n<meta property=\"og:locale\" content=\"fr_FR\" \/>\n<meta property=\"og:type\" content=\"article\" \/>\n<meta property=\"og:title\" content=\"OUR EQUIPMENT\" \/>\n<meta property=\"og:description\" content=\"Location de grues. Nous vous proposons des grues mobiles sur pneus en location. Pour vos besoins de levage vous pouvez nous\" \/>\n<meta property=\"og:url\" content=\"https:\/\/intergrues.ma\/index.php\/en\/parc-materiel-2\/\" \/>\n<meta property=\"og:site_name\" content=\"Intergrues-Sp\u00e9cialiste de la location des Grues mobiles, chariots \u00e9l\u00e9vateurs, mat\u00e9riel du levage et manutention, transports sp\u00e9ciaux et nacelles\" \/>\n<meta property=\"article:modified_time\" content=\"2021-06-18T08:50:36+00:00\" \/>\n<meta name=\"twitter:card\" content=\"summary_large_image\" \/>\n<script type=\"application\/ld+json\" class=\"yoast-schema-graph\">{\"@context\":\"https:\/\/schema.org\",\"@graph\":[{\"@type\":\"WebPage\",\"@id\":\"https:\/\/intergrues.ma\/index.php\/en\/parc-materiel-2\/\",\"url\":\"https:\/\/intergrues.ma\/index.php\/en\/parc-materiel-2\/\",\"name\":\"OUR EQUIPMENT - Intergrues-Sp\u00e9cialiste de la location des Grues mobiles, chariots \u00e9l\u00e9vateurs, mat\u00e9riel du levage et manutention, transports sp\u00e9ciaux et nacelles\",\"isPartOf\":{\"@id\":\"https:\/\/intergrues.ma\/#website\"},\"datePublished\":\"2021-06-06T13:39:35+00:00\",\"dateModified\":\"2021-06-18T08:50:36+00:00\",\"description\":\"Location de grues. Nous vous proposons des grues mobiles sur pneus en location. Pour vos besoins de levage vous pouvez nous\",\"breadcrumb\":{\"@id\":\"https:\/\/intergrues.ma\/index.php\/en\/parc-materiel-2\/#breadcrumb\"},\"inLanguage\":\"fr-FR\",\"potentialAction\":[{\"@type\":\"ReadAction\",\"target\":[\"https:\/\/intergrues.ma\/index.php\/en\/parc-materiel-2\/\"]}]},{\"@type\":\"BreadcrumbList\",\"@id\":\"https:\/\/intergrues.ma\/index.php\/en\/parc-materiel-2\/#breadcrumb\",\"itemListElement\":[{\"@type\":\"ListItem\",\"position\":1,\"name\":\"Accueil\",\"item\":\"https:\/\/intergrues.ma\/\"},{\"@type\":\"ListItem\",\"position\":2,\"name\":\"OUR EQUIPMENT\"}]},{\"@type\":\"WebSite\",\"@id\":\"https:\/\/intergrues.ma\/#website\",\"url\":\"https:\/\/intergrues.ma\/\",\"name\":\"Intergrues-Sp\u00e9cialiste de la location des Grues mobiles, chariots \u00e9l\u00e9vateurs, mat\u00e9riel de manutention, transports sp\u00e9ciaux et nacelles\",\"description\":\"Location et vente de mat\u00e9riel de levage: grues, nacelles, plate-formes.\",\"potentialAction\":[{\"@type\":\"SearchAction\",\"target\":{\"@type\":\"EntryPoint\",\"urlTemplate\":\"https:\/\/intergrues.ma\/?s={search_term_string}\"},\"query-input\":{\"@type\":\"PropertyValueSpecification\",\"valueRequired\":true,\"valueName\":\"search_term_string\"}}],\"inLanguage\":\"fr-FR\"}]}<\/script>\n<!-- \/ Yoast SEO Premium plugin. -->","yoast_head_json":{"title":"OUR EQUIPMENT - Intergrues-Sp\u00e9cialiste de la location des Grues mobiles, chariots \u00e9l\u00e9vateurs, mat\u00e9riel du levage et manutention, transports sp\u00e9ciaux et nacelles","description":"Location de grues. Nous vous proposons des grues mobiles sur pneus en location. Pour vos besoins de levage vous pouvez nous","robots":{"index":"index","follow":"follow","max-snippet":"max-snippet:-1","max-image-preview":"max-image-preview:large","max-video-preview":"max-video-preview:-1"},"canonical":"https:\/\/intergrues.ma\/index.php\/en\/parc-materiel-2\/","og_locale":"fr_FR","og_type":"article","og_title":"OUR EQUIPMENT","og_description":"Location de grues. Nous vous proposons des grues mobiles sur pneus en location. Pour vos besoins de levage vous pouvez nous","og_url":"https:\/\/intergrues.ma\/index.php\/en\/parc-materiel-2\/","og_site_name":"Intergrues-Sp\u00e9cialiste de la location des Grues mobiles, chariots \u00e9l\u00e9vateurs, mat\u00e9riel du levage et manutention, transports sp\u00e9ciaux et nacelles","article_modified_time":"2021-06-18T08:50:36+00:00","twitter_card":"summary_large_image","schema":{"@context":"https:\/\/schema.org","@graph":[{"@type":"WebPage","@id":"https:\/\/intergrues.ma\/index.php\/en\/parc-materiel-2\/","url":"https:\/\/intergrues.ma\/index.php\/en\/parc-materiel-2\/","name":"OUR EQUIPMENT - Intergrues-Sp\u00e9cialiste de la location des Grues mobiles, chariots \u00e9l\u00e9vateurs, mat\u00e9riel du levage et manutention, transports sp\u00e9ciaux et nacelles","isPartOf":{"@id":"https:\/\/intergrues.ma\/#website"},"datePublished":"2021-06-06T13:39:35+00:00","dateModified":"2021-06-18T08:50:36+00:00","description":"Location de grues. Nous vous proposons des grues mobiles sur pneus en location. Pour vos besoins de levage vous pouvez nous","breadcrumb":{"@id":"https:\/\/intergrues.ma\/index.php\/en\/parc-materiel-2\/#breadcrumb"},"inLanguage":"fr-FR","potentialAction":[{"@type":"ReadAction","target":["https:\/\/intergrues.ma\/index.php\/en\/parc-materiel-2\/"]}]},{"@type":"BreadcrumbList","@id":"https:\/\/intergrues.ma\/index.php\/en\/parc-materiel-2\/#breadcrumb","itemListElement":[{"@type":"ListItem","position":1,"name":"Accueil","item":"https:\/\/intergrues.ma\/"},{"@type":"ListItem","position":2,"name":"OUR EQUIPMENT"}]},{"@type":"WebSite","@id":"https:\/\/intergrues.ma\/#website","url":"https:\/\/intergrues.ma\/","name":"Intergrues-Sp\u00e9cialiste de la location des Grues mobiles, chariots \u00e9l\u00e9vateurs, mat\u00e9riel de manutention, transports sp\u00e9ciaux et nacelles","description":"Location et vente de mat\u00e9riel de levage: grues, nacelles, plate-formes.","potentialAction":[{"@type":"SearchAction","target":{"@type":"EntryPoint","urlTemplate":"https:\/\/intergrues.ma\/?s={search_term_string}"},"query-input":{"@type":"PropertyValueSpecification","valueRequired":true,"valueName":"search_term_string"}}],"inLanguage":"fr-FR"}]}},"_links":{"self":[{"href":"https:\/\/intergrues.ma\/index.php\/wp-json\/wp\/v2\/pages\/601","targetHints":{"allow":["GET"]}}],"collection":[{"href":"https:\/\/intergrues.ma\/index.php\/wp-json\/wp\/v2\/pages"}],"about":[{"href":"https:\/\/intergrues.ma\/index.php\/wp-json\/wp\/v2\/types\/page"}],"author":[{"embeddable":true,"href":"https:\/\/intergrues.ma\/index.php\/wp-json\/wp\/v2\/users\/1"}],"replies":[{"embeddable":true,"href":"https:\/\/intergrues.ma\/index.php\/wp-json\/wp\/v2\/comments?post=601"}],"version-history":[{"count":4,"href":"https:\/\/intergrues.ma\/index.php\/wp-json\/wp\/v2\/pages\/601\/revisions"}],"predecessor-version":[{"id":715,"href":"https:\/\/intergrues.ma\/index.php\/wp-json\/wp\/v2\/pages\/601\/revisions\/715"}],"wp:attachment":[{"href":"https:\/\/intergrues.ma\/index.php\/wp-json\/wp\/v2\/media?parent=601"}],"curies":[{"name":"wp","href":"https:\/\/api.w.org\/{rel}","templated":true}]}}