{"id":607,"date":"2021-06-06T14:47:09","date_gmt":"2021-06-06T13:47:09","guid":{"rendered":"https:\/\/intergrues.ma\/?page_id=607"},"modified":"2021-06-06T14:48:21","modified_gmt":"2021-06-06T13:48:21","slug":"references-2","status":"publish","type":"page","link":"https:\/\/intergrues.ma\/index.php\/es\/references-2\/","title":{"rendered":"R\u00e9f\u00e9rences"},"content":{"rendered":"<p>[vc_row type=\u00a0\u00bbvc_default\u00a0\u00bb equal_height=\u00a0\u00bbyes\u00a0\u00bb content_placement=\u00a0\u00bbmiddle\u00a0\u00bb][vc_column width=\u00a0\u00bb1\/2&Prime;][vc_row_inner][vc_column_inner width=\u00a0\u00bb1\/2&Prime;][vc_single_image image=\u00a0\u00bb51&Prime; img_size=\u00a0\u00bbfull\u00a0\u00bb][\/vc_column_inner][vc_column_inner width=\u00a0\u00bb1\/2&Prime;][vc_single_image image=\u00a0\u00bb50&Prime; img_size=\u00a0\u00bbfull\u00a0\u00bb][\/vc_column_inner][\/vc_row_inner][\/vc_column][vc_column width=\u00a0\u00bb1\/2&Prime;][vc_column_text]<\/p>\n<h2>Nos r\u00e9f\u00e9rences clients en manutention et levage<\/h2>\n<div>\n<p>Nous sommes tr\u00e8s fiers de vous montrer nos r\u00e9f\u00e9rences tout simplement parce que derri\u00e8re chaque logo se cache un client\u00a0content, des messages de\u00a0f\u00e9licitations\u00a0ou encore une poign\u00e9e de main pour nous dire\u00a0MERCI\u00a0!<\/p>\n<p>C\u2019est aussi la preuve que nous avons r\u00e9ussi \u00e0 installer une v\u00e9ritable\u00a0relation de confiance\u00a0et le plus beau t\u00e9moignage de leur\u00a0satisfaction\u00a0!<\/p>\n<p>Voici quelques-uns des clients pour qui nous travaillons r\u00e9guli\u00e8rement. Si vous souhaitez connaitre les r\u00e9f\u00e9rences clients sp\u00e9cifiques \u00e0 votre propre domaine d\u2019activit\u00e9 (m\u00e9dical,\u00a0travaux publics, b\u00e2timents, industrie, \u00e9v\u00e9nementiel, etc.),<\/p>\n<\/div>\n<p>[\/vc_column_text][\/vc_column][\/vc_row]<\/p>\n","protected":false},"excerpt":{"rendered":"<p>[vc_row type=\u00a0\u00bbvc_default\u00a0\u00bb equal_height=\u00a0\u00bbyes\u00a0\u00bb content_placement=\u00a0\u00bbmiddle\u00a0\u00bb][vc_column width=\u00a0\u00bb1\/2&Prime;][vc_row_inner][vc_column_inner width=\u00a0\u00bb1\/2&Prime;][vc_single_image image=\u00a0\u00bb51&Prime; img_size=\u00a0\u00bbfull\u00a0\u00bb][\/vc_column_inner][vc_column_inner width=\u00a0\u00bb1\/2&Prime;][vc_single_image image=\u00a0\u00bb50&Prime; img_size=\u00a0\u00bbfull\u00a0\u00bb][\/vc_column_inner][\/vc_row_inner][\/vc_column][vc_column width=\u00a0\u00bb1\/2&Prime;][vc_column_text] Nos r\u00e9f\u00e9rences clients en manutention et levage Nous sommes tr\u00e8s fiers de vous montrer nos r\u00e9f\u00e9rences tout simplement parce que derri\u00e8re chaque logo se cache un client\u00a0content, des messages de\u00a0f\u00e9licitations\u00a0ou encore une poign\u00e9e de main pour nous dire\u00a0MERCI\u00a0! C\u2019est aussi la preuve que&hellip;<\/p>\n","protected":false},"author":1,"featured_media":0,"parent":0,"menu_order":0,"comment_status":"closed","ping_status":"closed","template":"","meta":[],"class_list":["post-607","page","type-page","status-publish","hentry","description-off"],"yoast_head":"<!-- This site is optimized with the Yoast SEO Premium plugin v24.4 (Yoast SEO v24.4) - https:\/\/yoast.com\/wordpress\/plugins\/seo\/ -->\n<title>R\u00e9f\u00e9rences - Intergrues-Sp\u00e9cialiste de la location des Grues mobiles, chariots \u00e9l\u00e9vateurs, mat\u00e9riel du levage et manutention, transports sp\u00e9ciaux et nacelles<\/title>\n<meta name=\"description\" content=\"Location de grues. Nous vous proposons des grues mobiles sur pneus en location. Pour vos besoins de levage vous pouvez nous\" \/>\n<meta name=\"robots\" content=\"index, follow, max-snippet:-1, max-image-preview:large, max-video-preview:-1\" \/>\n<link rel=\"canonical\" href=\"https:\/\/intergrues.ma\/index.php\/es\/references-2\/\" \/>\n<meta property=\"og:locale\" content=\"fr_FR\" \/>\n<meta property=\"og:type\" content=\"article\" \/>\n<meta property=\"og:title\" content=\"R\u00e9f\u00e9rences\" \/>\n<meta property=\"og:description\" content=\"Location de grues. Nous vous proposons des grues mobiles sur pneus en location. Pour vos besoins de levage vous pouvez nous\" \/>\n<meta property=\"og:url\" content=\"https:\/\/intergrues.ma\/index.php\/es\/references-2\/\" \/>\n<meta property=\"og:site_name\" content=\"Intergrues-Sp\u00e9cialiste de la location des Grues mobiles, chariots \u00e9l\u00e9vateurs, mat\u00e9riel du levage et manutention, transports sp\u00e9ciaux et nacelles\" \/>\n<meta property=\"article:modified_time\" content=\"2021-06-06T13:48:21+00:00\" \/>\n<meta name=\"twitter:card\" content=\"summary_large_image\" \/>\n<meta name=\"twitter:label1\" content=\"Dur\u00e9e de lecture estim\u00e9e\" \/>\n\t<meta name=\"twitter:data1\" content=\"1 minute\" \/>\n<script type=\"application\/ld+json\" class=\"yoast-schema-graph\">{\"@context\":\"https:\/\/schema.org\",\"@graph\":[{\"@type\":\"WebPage\",\"@id\":\"https:\/\/intergrues.ma\/index.php\/es\/references-2\/\",\"url\":\"https:\/\/intergrues.ma\/index.php\/es\/references-2\/\",\"name\":\"R\u00e9f\u00e9rences - Intergrues-Sp\u00e9cialiste de la location des Grues mobiles, chariots \u00e9l\u00e9vateurs, mat\u00e9riel du levage et manutention, transports sp\u00e9ciaux et nacelles\",\"isPartOf\":{\"@id\":\"https:\/\/intergrues.ma\/#website\"},\"datePublished\":\"2021-06-06T13:47:09+00:00\",\"dateModified\":\"2021-06-06T13:48:21+00:00\",\"description\":\"Location de grues. Nous vous proposons des grues mobiles sur pneus en location. Pour vos besoins de levage vous pouvez nous\",\"breadcrumb\":{\"@id\":\"https:\/\/intergrues.ma\/index.php\/es\/references-2\/#breadcrumb\"},\"inLanguage\":\"fr-FR\",\"potentialAction\":[{\"@type\":\"ReadAction\",\"target\":[\"https:\/\/intergrues.ma\/index.php\/es\/references-2\/\"]}]},{\"@type\":\"BreadcrumbList\",\"@id\":\"https:\/\/intergrues.ma\/index.php\/es\/references-2\/#breadcrumb\",\"itemListElement\":[{\"@type\":\"ListItem\",\"position\":1,\"name\":\"Accueil\",\"item\":\"https:\/\/intergrues.ma\/\"},{\"@type\":\"ListItem\",\"position\":2,\"name\":\"R\u00e9f\u00e9rences\"}]},{\"@type\":\"WebSite\",\"@id\":\"https:\/\/intergrues.ma\/#website\",\"url\":\"https:\/\/intergrues.ma\/\",\"name\":\"Intergrues-Sp\u00e9cialiste de la location des Grues mobiles, chariots \u00e9l\u00e9vateurs, mat\u00e9riel de manutention, transports sp\u00e9ciaux et nacelles\",\"description\":\"Location et vente de mat\u00e9riel de levage: grues, nacelles, plate-formes.\",\"potentialAction\":[{\"@type\":\"SearchAction\",\"target\":{\"@type\":\"EntryPoint\",\"urlTemplate\":\"https:\/\/intergrues.ma\/?s={search_term_string}\"},\"query-input\":{\"@type\":\"PropertyValueSpecification\",\"valueRequired\":true,\"valueName\":\"search_term_string\"}}],\"inLanguage\":\"fr-FR\"}]}<\/script>\n<!-- \/ Yoast SEO Premium plugin. -->","yoast_head_json":{"title":"R\u00e9f\u00e9rences - Intergrues-Sp\u00e9cialiste de la location des Grues mobiles, chariots \u00e9l\u00e9vateurs, mat\u00e9riel du levage et manutention, transports sp\u00e9ciaux et nacelles","description":"Location de grues. Nous vous proposons des grues mobiles sur pneus en location. Pour vos besoins de levage vous pouvez nous","robots":{"index":"index","follow":"follow","max-snippet":"max-snippet:-1","max-image-preview":"max-image-preview:large","max-video-preview":"max-video-preview:-1"},"canonical":"https:\/\/intergrues.ma\/index.php\/es\/references-2\/","og_locale":"fr_FR","og_type":"article","og_title":"R\u00e9f\u00e9rences","og_description":"Location de grues. Nous vous proposons des grues mobiles sur pneus en location. Pour vos besoins de levage vous pouvez nous","og_url":"https:\/\/intergrues.ma\/index.php\/es\/references-2\/","og_site_name":"Intergrues-Sp\u00e9cialiste de la location des Grues mobiles, chariots \u00e9l\u00e9vateurs, mat\u00e9riel du levage et manutention, transports sp\u00e9ciaux et nacelles","article_modified_time":"2021-06-06T13:48:21+00:00","twitter_card":"summary_large_image","twitter_misc":{"Dur\u00e9e de lecture estim\u00e9e":"1 minute"},"schema":{"@context":"https:\/\/schema.org","@graph":[{"@type":"WebPage","@id":"https:\/\/intergrues.ma\/index.php\/es\/references-2\/","url":"https:\/\/intergrues.ma\/index.php\/es\/references-2\/","name":"R\u00e9f\u00e9rences - Intergrues-Sp\u00e9cialiste de la location des Grues mobiles, chariots \u00e9l\u00e9vateurs, mat\u00e9riel du levage et manutention, transports sp\u00e9ciaux et nacelles","isPartOf":{"@id":"https:\/\/intergrues.ma\/#website"},"datePublished":"2021-06-06T13:47:09+00:00","dateModified":"2021-06-06T13:48:21+00:00","description":"Location de grues. Nous vous proposons des grues mobiles sur pneus en location. Pour vos besoins de levage vous pouvez nous","breadcrumb":{"@id":"https:\/\/intergrues.ma\/index.php\/es\/references-2\/#breadcrumb"},"inLanguage":"fr-FR","potentialAction":[{"@type":"ReadAction","target":["https:\/\/intergrues.ma\/index.php\/es\/references-2\/"]}]},{"@type":"BreadcrumbList","@id":"https:\/\/intergrues.ma\/index.php\/es\/references-2\/#breadcrumb","itemListElement":[{"@type":"ListItem","position":1,"name":"Accueil","item":"https:\/\/intergrues.ma\/"},{"@type":"ListItem","position":2,"name":"R\u00e9f\u00e9rences"}]},{"@type":"WebSite","@id":"https:\/\/intergrues.ma\/#website","url":"https:\/\/intergrues.ma\/","name":"Intergrues-Sp\u00e9cialiste de la location des Grues mobiles, chariots \u00e9l\u00e9vateurs, mat\u00e9riel de manutention, transports sp\u00e9ciaux et nacelles","description":"Location et vente de mat\u00e9riel de levage: grues, nacelles, plate-formes.","potentialAction":[{"@type":"SearchAction","target":{"@type":"EntryPoint","urlTemplate":"https:\/\/intergrues.ma\/?s={search_term_string}"},"query-input":{"@type":"PropertyValueSpecification","valueRequired":true,"valueName":"search_term_string"}}],"inLanguage":"fr-FR"}]}},"_links":{"self":[{"href":"https:\/\/intergrues.ma\/index.php\/wp-json\/wp\/v2\/pages\/607","targetHints":{"allow":["GET"]}}],"collection":[{"href":"https:\/\/intergrues.ma\/index.php\/wp-json\/wp\/v2\/pages"}],"about":[{"href":"https:\/\/intergrues.ma\/index.php\/wp-json\/wp\/v2\/types\/page"}],"author":[{"embeddable":true,"href":"https:\/\/intergrues.ma\/index.php\/wp-json\/wp\/v2\/users\/1"}],"replies":[{"embeddable":true,"href":"https:\/\/intergrues.ma\/index.php\/wp-json\/wp\/v2\/comments?post=607"}],"version-history":[{"count":2,"href":"https:\/\/intergrues.ma\/index.php\/wp-json\/wp\/v2\/pages\/607\/revisions"}],"predecessor-version":[{"id":612,"href":"https:\/\/intergrues.ma\/index.php\/wp-json\/wp\/v2\/pages\/607\/revisions\/612"}],"wp:attachment":[{"href":"https:\/\/intergrues.ma\/index.php\/wp-json\/wp\/v2\/media?parent=607"}],"curies":[{"name":"wp","href":"https:\/\/api.w.org\/{rel}","templated":true}]}}

Références

<p>[vc_row type= »vc_default » equal_height= »yes » content_placement= »middle »][vc_column width= »1/2&Prime;][vc_row_inner][vc_column_inner width= »1/2&Prime;][vc_single_image image= »51&Prime; img_size= »full »][/vc_column_inner][vc_column_inner width= »1/2&Prime;][vc_single_image image= »50&Prime; img_size= »full »][/vc_column_inner][/vc_row_inner][/vc_column][vc_column width= »1/2&Prime;][vc_column_text]</p>
<h2>Nos références clients en manutention et levage</h2>
<div>
<p>Nous sommes très fiers de vous montrer nos références tout simplement parce que derrière chaque logo se cache un client content, des messages de félicitations ou encore une poignée de main pour nous dire MERCI !</p>
<p>C’est aussi la preuve que nous avons réussi à installer une véritable relation de confiance et le plus beau témoignage de leur satisfaction !</p>
<p>Voici quelques-uns des clients pour qui nous travaillons régulièrement. Si vous souhaitez connaitre les références clients spécifiques à votre propre domaine d’activité (médical, travaux publics, bâtiments, industrie, événementiel, etc.),</p>
</div>
<p>[/vc_column_text][/vc_column][/vc_row]</p>

<p>[vc_row type= »vc_default » equal_height= »yes » content_placement= »middle »][vc_column width= »1/2&Prime;][vc_row_inner][vc_column_inner width= »1/2&Prime;][vc_single_image image= »51&Prime; img_size= »full »][/vc_column_inner][vc_column_inner width= »1/2&Prime;][vc_single_image image= »50&Prime; img_size= »full »][/vc_column_inner][/vc_row_inner][/vc_column][vc_column width= »1/2&Prime;][vc_column_text] Nos références clients en manutention et levage Nous sommes très fiers de vous montrer nos références tout simplement parce que derrière chaque logo se cache un client content, des messages de félicitations ou encore une poignée de main pour nous dire MERCI ! C’est aussi la preuve que&hellip;</p>

<!-- This site is optimized with the Yoast SEO Premium plugin v24.4 (Yoast SEO v24.4) - https://yoast.com/wordpress/plugins/seo/ -->
<title>Références - Intergrues-Spécialiste de la location des Grues mobiles, chariots élévateurs, matériel du levage et manutention, transports spéciaux et nacelles</title>
<meta name="description" content="Location de grues. Nous vous proposons des grues mobiles sur pneus en location. Pour vos besoins de levage vous pouvez nous" />
<meta name="robots" content="index, follow, max-snippet:-1, max-image-preview:large, max-video-preview:-1" />
<link rel="canonical" href="https://intergrues.ma/index.php/es/references-2/" />
<meta property="og:locale" content="fr_FR" />
<meta property="og:type" content="article" />
<meta property="og:title" content="Références" />
<meta property="og:description" content="Location de grues. Nous vous proposons des grues mobiles sur pneus en location. Pour vos besoins de levage vous pouvez nous" />
<meta property="og:url" content="https://intergrues.ma/index.php/es/references-2/" />
<meta property="og:site_name" content="Intergrues-Spécialiste de la location des Grues mobiles, chariots élévateurs, matériel du levage et manutention, transports spéciaux et nacelles" />
<meta property="article:modified_time" content="2021-06-06T13:48:21+00:00" />
<meta name="twitter:card" content="summary_large_image" />
<meta name="twitter:label1" content="Durée de lecture estimée" />
	<meta name="twitter:data1" content="1 minute" />
<script type="application/ld+json" class="yoast-schema-graph">{"@context":"https://schema.org","@graph":[{"@type":"WebPage","@id":"https://intergrues.ma/index.php/es/references-2/","url":"https://intergrues.ma/index.php/es/references-2/","name":"Références - Intergrues-Spécialiste de la location des Grues mobiles, chariots élévateurs, matériel du levage et manutention, transports spéciaux et nacelles","isPartOf":{"@id":"https://intergrues.ma/#website"},"datePublished":"2021-06-06T13:47:09+00:00","dateModified":"2021-06-06T13:48:21+00:00","description":"Location de grues. Nous vous proposons des grues mobiles sur pneus en location. Pour vos besoins de levage vous pouvez nous","breadcrumb":{"@id":"https://intergrues.ma/index.php/es/references-2/#breadcrumb"},"inLanguage":"fr-FR","potentialAction":[{"@type":"ReadAction","target":["https://intergrues.ma/index.php/es/references-2/"]}]},{"@type":"BreadcrumbList","@id":"https://intergrues.ma/index.php/es/references-2/#breadcrumb","itemListElement":[{"@type":"ListItem","position":1,"name":"Accueil","item":"https://intergrues.ma/"},{"@type":"ListItem","position":2,"name":"Références"}]},{"@type":"WebSite","@id":"https://intergrues.ma/#website","url":"https://intergrues.ma/","name":"Intergrues-Spécialiste de la location des Grues mobiles, chariots élévateurs, matériel de manutention, transports spéciaux et nacelles","description":"Location et vente de matériel de levage: grues, nacelles, plate-formes.","potentialAction":[{"@type":"SearchAction","target":{"@type":"EntryPoint","urlTemplate":"https://intergrues.ma/?s={search_term_string}"},"query-input":{"@type":"PropertyValueSpecification","valueRequired":true,"valueName":"search_term_string"}}],"inLanguage":"fr-FR"}]}</script>
<!-- / Yoast SEO Premium plugin. -->

Références - Intergrues-Spécialiste de la location des Grues mobiles, chariots élévateurs, matériel du levage et manutention, transports spéciaux et nacelles

Intergrues-Spécialiste de la location des Grues mobiles, chariots élévateurs, matériel du levage et manutention, transports spéciaux et nacelles

Intergrues-Spécialiste de la location des Grues mobiles, chariots élévateurs, matériel de manutention, transports spéciaux et nacelles

Location et vente de matériel de levage: grues, nacelles, plate-formes.
